{"id":1179,"date":"2023-10-02T15:21:16","date_gmt":"2023-10-02T20:21:16","guid":{"rendered":"https:\/\/idehpucp.pucp.edu.pe\/revista-memoria\/edicion\/revista-memoria-n40\/"},"modified":"2025-05-02T14:26:46","modified_gmt":"2025-05-02T19:26:46","slug":"revista-memoria-n40","status":"publish","type":"edicion","link":"https:\/\/idehpucp.pucp.edu.pe\/revista-memoria\/edicion\/revista-memoria-n40\/","title":{"rendered":"Revista Memoria N\u00b040"},"content":{"rendered":"<p class=\"s5\">La revista <span class=\"s2\">Memoria<\/span>, publicaci\u00f3n digital del <span class=\"s3\">IDEHPUCP<\/span>, presenta su cuadrag\u00e9sima edici\u00f3n. Se trata de una entrega especial dedicada <a name=\"_GoBack\"><\/a>a la conmemoraci\u00f3n de los veinte a\u00f1os de la <span class=\"s4\">presentaci\u00f3n<\/span> del Informe Final de la Comisi\u00f3n de la Verdad y Reconciliaci\u00f3n (CVR).<\/p>\n<p class=\"s5\"><span class=\"s4\">Con ese prop\u00f3sito se recoge en<\/span> este n\u00famero de Memoria algunas de las <span class=\"s4\">ponencias presentadas<\/span> durante el <span class=\"s3\">XVIII <\/span><span class=\"s3\">Encuentro de Derechos Humanos<\/span>: <span class=\"s3\">Ciudadanos <\/span><span class=\"s3\">Con Memoria<\/span>, evento acad\u00e9mico organizado por nuestro Instituto que estuvo dedicado a la reflexi\u00f3n en torno al legado de la CVR <span class=\"s4\">y la crisis pol\u00edtica actual.<\/span><\/p>\n<p class=\"s5\">Los contenidos de esta edici\u00f3n especial nos interpelan e invitan a <span class=\"s4\">considerar<\/span> las secuelas del periodo de violencia y la necesidad de no olvidar el pasado. \u00a0La conferencia magistral del <span class=\"s3\">Dr. Salom\u00f3n Lerner Febres<\/span>, expresidente de la CVR y presidente em\u00e9rito del IDEHPUCP, plantea una relaci\u00f3n entre la situaci\u00f3n de crisis democr\u00e1tica de la actualidad y las recomendaciones planteadas por el Informe Final hace veinte a\u00f1os. Encuentra que, frente a la degradaci\u00f3n de la pol\u00edtica y la violencia que permean el momento hist\u00f3rico que vivimos, y para abordar las tareas pendientes, es necesario reconocer nuestro pasado irresuelto.<\/p>\n<p class=\"s5\">Por su parte, la mesa de di\u00e1logo da voz a distintos representantes de las regiones m\u00e1s afectadas por el conflicto armado interno. El <span class=\"s3\">Rvd. P. Luis Zambrano<\/span><span class=\"s3\">,<\/span><span class=\"s3\"> de Juliaca<\/span><span class=\"s3\">; <\/span><span class=\"s3\">Belsa<\/span><span class=\"s3\"> Escobar<\/span><span class=\"s3\">,<\/span><span class=\"s3\"> de Huancavelica<\/span><span class=\"s3\">;<\/span><span class=\"s3\"> Zulma Villa<\/span><span class=\"s3\">,<\/span><span class=\"s3\"> de ONAMIAP<\/span><span class=\"s3\">,<\/span><span class=\"s3\"> y Nelson Pereyra<\/span><span class=\"s3\">,<\/span><span class=\"s3\"> de Ayacucho<\/span> <span class=\"s4\">conversan <\/span>sobre los impactos del conflicto, los avances en materia de reparaciones y recomendaciones de la CVR, y c\u00f3mo se vivi\u00f3 en sus regiones el m\u00e1s reciente ciclo de violencia en el marco de las protestas.<\/p>\n<p class=\"s5\">Entre las ponencias encontramos la de <span class=\"s3\">Rolando Ames<\/span>, <span class=\"s4\">quien fue comisionado de la CVR, en la que<\/span> rememora el contexto en el que se situaron cuando se iniciaba el camino de la transici\u00f3n democr\u00e1tica y cu\u00e1les eran los principales objetivos de la CVR. Rescata, adem\u00e1s, el trabajo realizado en el Informe Final y pone en evidencia algunos retos que a\u00fan hoy en d\u00eda, deben ser enfrentados.<\/p>\n<p class=\"s5\">Presentamos tambi\u00e9n, la ponencia de <span class=\"s3\">Francesca <\/span><span class=\"s3\">Uccelli<\/span>, investigadora del Instituto de Estudios Peruanos (IEP), quien hace un balance de la educaci\u00f3n rural. Despu\u00e9s de esbozar brevemente el papel que tuvo el sistema educativo en el conflicto armado, hace un an\u00e1lisis de los avances en esta materia en veinte a\u00f1os, pero, sobre todo, de las razones detr\u00e1s de la ausencia de una pol\u00edtica de educaci\u00f3n rural en casi 20 a\u00f1os.<\/p>\n<p class=\"s5\">Por su parte, <span class=\"s3\">Augusto Castro<\/span>, <span class=\"s4\">se pregunta<\/span> si los hallazgos de la CVR se mantienen vigentes para entender la crisis social, pol\u00edtica y cultural actual. En su ponencia, el fil\u00f3sofo y docente de la PUCP, habla de los distintos significados que tom\u00f3 la reconciliaci\u00f3n desde que concluy\u00f3 el periodo de violencia y sobre lo que deber\u00eda incluir un proyecto de reconstrucci\u00f3n social.<\/p>\n<p class=\"s5\">Tambi\u00e9n <span class=\"s4\">se presenta<\/span> la ponencia de <span class=\"s3\">Cecilia Tovar<\/span>, investigadora del Instituto Bartolom\u00e9 de las Casas, <span class=\"s4\">en la cual <\/span>se\u00f1ala <span class=\"s4\">los desaf\u00edos<\/span> de una sociedad posconflicto como la nuestra<span class=\"s4\"> y los relaciona con<\/span> acciones de incidencia por parte de la Iglesia Cat\u00f3lica que <span class=\"s4\">ejemplifican<\/span> su compromiso con los m\u00e1s vulnerables, las v\u00edctimas.<\/p>\n<p class=\"s5\">En la misma l\u00ednea, <span class=\"s3\">Oscar Espinosa<\/span>, doctor en antropolog\u00eda y docente PUCP, recuerda su trabajo con comunidades ash\u00e1ninkas; su ponencia alude a las secuelas del periodo de violencia en los territorios de la Amazon\u00eda. Pone de relieve los estragos del narcotr\u00e1fico, la poca capacidad estatal y las brechas que a\u00fan se deben cerrar en materia de derechos ind\u00edgenas.<\/p>\n<p class=\"s5\">Finalmente, el portafolio gr\u00e1fico de la fot\u00f3grafa <span class=\"s3\">Ana Huerta <\/span>tambi\u00e9n nos invita, como espectadores, a ser conscientes de las heridas dejadas por el conflicto armado interno. Las fotograf\u00edas del museo de ANFASEP, de alumnos y alumnas de la Cantuta, entre otros, son un llamado a recordar la compleja realidad de quienes fueron y siguen siendo v\u00edctimas que no abandonan la b\u00fasqueda de justicia.<\/p>\n<p class=\"s5\">Esperamos que este n\u00famero de <span class=\"s2\">Memoria<\/span> despierte su inter\u00e9s.<\/p>\n","protected":false},"featured_media":1180,"parent":0,"template":"wp-custom-template-plantilla-de-ediciones","meta":{"_acf_changed":false,"_uag_custom_page_level_css":"","_swt_meta_header_display":false,"_swt_meta_footer_display":false,"_swt_meta_site_title_display":false,"_swt_meta_sticky_header":false,"_swt_meta_transparent_header":false},"tema":[23],"class_list":["post-1179","edicion","type-edicion","status-publish","has-post-thumbnail","hentry","tema-memoria-y-post-conflicto"],"acf":[],"spectra_custom_meta":{"_wp_page_template":["wp-custom-template-plantilla-de-ediciones"],"_thumbnail_id":["1180"],"_edit_last":["2"],"_edit_lock":["1746214006:2"],"rank_math_internal_links_processed":["1"],"_uag_css_file_name":["uag-css-1179.css"],"_uag_js_file_name":["uag-js-1179.js"]},"uagb_featured_image_src":{"full":["https:\/\/idehpucp.pucp.edu.pe\/revista-memoria\/wp-content\/uploads\/2025\/04\/mesa-de-trabajo-1-copia-3.png",1136,756,false],"thumbnail":["https:\/\/idehpucp.pucp.edu.pe\/revista-memoria\/wp-content\/uploads\/2025\/04\/mesa-de-trabajo-1-copia-3-150x150.png",150,150,true],"medium":["https:\/\/idehpucp.pucp.edu.pe\/revista-memoria\/wp-content\/uploads\/2025\/04\/mesa-de-trabajo-1-copia-3-300x200.png",300,200,true],"medium_large":["https:\/\/idehpucp.pucp.edu.pe\/revista-memoria\/wp-content\/uploads\/2025\/04\/mesa-de-trabajo-1-copia-3-768x511.png",768,511,true],"large":["https:\/\/idehpucp.pucp.edu.pe\/revista-memoria\/wp-content\/uploads\/2025\/04\/mesa-de-trabajo-1-copia-3-1024x681.png",1024,681,true],"1536x1536":["https:\/\/idehpucp.pucp.edu.pe\/revista-memoria\/wp-content\/uploads\/2025\/04\/mesa-de-trabajo-1-copia-3.png",1136,756,false],"2048x2048":["https:\/\/idehpucp.pucp.edu.pe\/revista-memoria\/wp-content\/uploads\/2025\/04\/mesa-de-trabajo-1-copia-3.png",1136,756,false]},"uagb_author_info":{"display_name":"Direcci\u00f3n de Comunicaci\u00f3n Institucional","author_link":"https:\/\/idehpucp.pucp.edu.pe\/revista-memoria\/author\/"},"uagb_comment_info":0,"uagb_excerpt":"La revista Memoria, publicaci\u00f3n digital del IDEHPUCP, presenta su cuadrag\u00e9sima edici\u00f3n. Se trata de una entrega especial dedicada a la conmemoraci\u00f3n de los veinte a\u00f1os de la presentaci\u00f3n del Informe Final de la Comisi\u00f3n de la Verdad y Reconciliaci\u00f3n (CVR). Con ese prop\u00f3sito se recoge en este n\u00famero de Memoria algunas de las ponencias presentadas&hellip;","_links":{"self":[{"href":"https:\/\/idehpucp.pucp.edu.pe\/revista-memoria\/wp-json\/wp\/v2\/edicion\/1179","targetHints":{"allow":["GET"]}}],"collection":[{"href":"https:\/\/idehpucp.pucp.edu.pe\/revista-memoria\/wp-json\/wp\/v2\/edicion"}],"about":[{"href":"https:\/\/idehpucp.pucp.edu.pe\/revista-memoria\/wp-json\/wp\/v2\/types\/edicion"}],"wp:featuredmedia":[{"embeddable":true,"href":"https:\/\/idehpucp.pucp.edu.pe\/revista-memoria\/wp-json\/wp\/v2\/media\/1180"}],"wp:attachment":[{"href":"https:\/\/idehpucp.pucp.edu.pe\/revista-memoria\/wp-json\/wp\/v2\/media?parent=1179"}],"wp:term":[{"taxonomy":"tema","embeddable":true,"href":"https:\/\/idehpucp.pucp.edu.pe\/revista-memoria\/wp-json\/wp\/v2\/tema?post=1179"}],"curies":[{"name":"wp","href":"https:\/\/api.w.org\/{rel}","templated":true}]}}

<p class="s5">La revista <span class="s2">Memoria</span>, publicación digital del <span class="s3">IDEHPUCP</span>, presenta su cuadragésima edición. Se trata de una entrega especial dedicada <a name="_GoBack"></a>a la conmemoración de los veinte años de la <span class="s4">presentación</span> del Informe Final de la Comisión de la Verdad y Reconciliación (CVR).</p>
<p class="s5"><span class="s4">Con ese propósito se recoge en</span> este número de Memoria algunas de las <span class="s4">ponencias presentadas</span> durante el <span class="s3">XVIII </span><span class="s3">Encuentro de Derechos Humanos</span>: <span class="s3">Ciudadanos </span><span class="s3">Con Memoria</span>, evento académico organizado por nuestro Instituto que estuvo dedicado a la reflexión en torno al legado de la CVR <span class="s4">y la crisis política actual.</span></p>
<p class="s5">Los contenidos de esta edición especial nos interpelan e invitan a <span class="s4">considerar</span> las secuelas del periodo de violencia y la necesidad de no olvidar el pasado.  La conferencia magistral del <span class="s3">Dr. Salomón Lerner Febres</span>, expresidente de la CVR y presidente emérito del IDEHPUCP, plantea una relación entre la situación de crisis democrática de la actualidad y las recomendaciones planteadas por el Informe Final hace veinte años. Encuentra que, frente a la degradación de la política y la violencia que permean el momento histórico que vivimos, y para abordar las tareas pendientes, es necesario reconocer nuestro pasado irresuelto.</p>
<p class="s5">Por su parte, la mesa de diálogo da voz a distintos representantes de las regiones más afectadas por el conflicto armado interno. El <span class="s3">Rvd. P. Luis Zambrano</span><span class="s3">,</span><span class="s3"> de Juliaca</span><span class="s3">; </span><span class="s3">Belsa</span><span class="s3"> Escobar</span><span class="s3">,</span><span class="s3"> de Huancavelica</span><span class="s3">;</span><span class="s3"> Zulma Villa</span><span class="s3">,</span><span class="s3"> de ONAMIAP</span><span class="s3">,</span><span class="s3"> y Nelson Pereyra</span><span class="s3">,</span><span class="s3"> de Ayacucho</span> <span class="s4">conversan </span>sobre los impactos del conflicto, los avances en materia de reparaciones y recomendaciones de la CVR, y cómo se vivió en sus regiones el más reciente ciclo de violencia en el marco de las protestas.</p>
<p class="s5">Entre las ponencias encontramos la de <span class="s3">Rolando Ames</span>, <span class="s4">quien fue comisionado de la CVR, en la que</span> rememora el contexto en el que se situaron cuando se iniciaba el camino de la transición democrática y cuáles eran los principales objetivos de la CVR. Rescata, además, el trabajo realizado en el Informe Final y pone en evidencia algunos retos que aún hoy en día, deben ser enfrentados.</p>
<p class="s5">Presentamos también, la ponencia de <span class="s3">Francesca </span><span class="s3">Uccelli</span>, investigadora del Instituto de Estudios Peruanos (IEP), quien hace un balance de la educación rural. Después de esbozar brevemente el papel que tuvo el sistema educativo en el conflicto armado, hace un análisis de los avances en esta materia en veinte años, pero, sobre todo, de las razones detrás de la ausencia de una política de educación rural en casi 20 años.</p>
<p class="s5">Por su parte, <span class="s3">Augusto Castro</span>, <span class="s4">se pregunta</span> si los hallazgos de la CVR se mantienen vigentes para entender la crisis social, política y cultural actual. En su ponencia, el filósofo y docente de la PUCP, habla de los distintos significados que tomó la reconciliación desde que concluyó el periodo de violencia y sobre lo que debería incluir un proyecto de reconstrucción social.</p>
<p class="s5">También <span class="s4">se presenta</span> la ponencia de <span class="s3">Cecilia Tovar</span>, investigadora del Instituto Bartolomé de las Casas, <span class="s4">en la cual </span>señala <span class="s4">los desafíos</span> de una sociedad posconflicto como la nuestra<span class="s4"> y los relaciona con</span> acciones de incidencia por parte de la Iglesia Católica que <span class="s4">ejemplifican</span> su compromiso con los más vulnerables, las víctimas.</p>
<p class="s5">En la misma línea, <span class="s3">Oscar Espinosa</span>, doctor en antropología y docente PUCP, recuerda su trabajo con comunidades asháninkas; su ponencia alude a las secuelas del periodo de violencia en los territorios de la Amazonía. Pone de relieve los estragos del narcotráfico, la poca capacidad estatal y las brechas que aún se deben cerrar en materia de derechos indígenas.</p>
<p class="s5">Finalmente, el portafolio gráfico de la fotógrafa <span class="s3">Ana Huerta </span>también nos invita, como espectadores, a ser conscientes de las heridas dejadas por el conflicto armado interno. Las fotografías del museo de ANFASEP, de alumnos y alumnas de la Cantuta, entre otros, son un llamado a recordar la compleja realidad de quienes fueron y siguen siendo víctimas que no abandonan la búsqueda de justicia.</p>
<p class="s5">Esperamos que este número de <span class="s2">Memoria</span> despierte su interés.</p>

Dirección de Comunicación Institucional

La revista Memoria, publicación digital del IDEHPUCP, presenta su cuadragésima edición. Se trata de una entrega especial dedicada a la conmemoración de los veinte años de la presentación del Informe Final de la Comisión de la Verdad y Reconciliación (CVR). Con ese propósito se recoge en este número de Memoria algunas de las ponencias presentadas&hellip;
